
What is the hundred thousands digit of 4132691932?
6
What is the tens digit of 37601287?
8
What is the millions digit of 75612184?
5
What is the ten thousands digit of 58557361?
5
What is the ten thousands digit of 1531431281?
3
What is the units digit of 383556959?
9
What is the millions digit of 162517209?
2
What is the ten thousands digit of 1605041924?
4
What is the hundred thousands digit of 1120191498?
1
What is the units digit of 33225569?
9
What is the hundred millions digit of 105860089?
1
What is the hundreds digit of 2751563663?
6
What is the hundred thousands digit of 70465928?
4
What is the thousands digit of 604831883?
1
What is the millions digit of 112546729?
2
What is the hundreds digit of 26453630?
6
What is the hundred thousands digit of 972721916?
7
What is the units digit of 8525477?
7
What is the hundreds digit of 113718991?
9
What is the hundred millions digit of 4208311720?
2
What is the thousands digit of 46657327?
7
What is the millions digit of 516089233?
6
What is the thousands digit of 205714945?
4
What is the millions digit of 1651082122?
1
What is the ten millions digit of 124322388?
2
What is the hundreds digit of 84367855?
8
What is the tens digit of 45820549?
4
What is the units digit of 3151878618?
8
What is the ten millions digit of 692889206?
9
What is the hundreds digit of 377624929?
9
What is the millions digit of 913425628?
3
What is the units digit of 32539955?
5
What is the ten millions digit of 369658058?
6
What is the tens digit of 222185586?
8
What is the hundred millions digit of 895119373?
8
What is the millions digit of 356875163?
6
What is the hundreds digit of 22755593?
5
What is the millions digit of 478121694?
8
What is the units digit of 2172422287?
7
What is the millions digit of 87452090?
7
What is the thousands digit of 361007316?
7
What is the hundred millions digit of 280511135?
2
What is the hundreds digit of 105816769?
7
What is the units digit of 1435515329?
9
What is the tens digit of 875699172?
7
What is the units digit of 928736406?
6
What is the units digit of 82974799?
9
What is the tens digit of 1041824228?
2
What is the hundred thousands digit of 129694142?
6
What is the tens digit of 144722210?
1
What is the hundred millions digit of 194669264?
1
What is the ten millions digit of 403320761?
0
What is the hundred thousands digit of 220551560?
5
What is the tens digit of 2541611002?
0
What is the hundred millions digit of 321076507?
3
What is the units digit of 513351912?
2
What is the ten thousands digit of 72826329?
2
What is the tens digit of 3215058725?
2
What is the hundred thousands digit of 206664222?
6
What is the hundred thousands digit of 210290693?
2
What is the thousands digit of 358150074?
0
What is the ten thousands digit of 304257771?
5
What is the tens digit of 1425842880?
8
What is the units digit of 3321284016?
6
What is the hundred millions digit of 5768840060?
7
What is the thousands digit of 913092268?
2
What is the millions digit of 2000478747?
0
What is the hundred thousands digit of 2218042435?
0
What is the millions digit of 186303589?
6
What is the units digit of 227358904?
4
What is the tens digit of 499248666?
6
What is the hundreds digit of 36338035?
0
What is the hundred millions digit of 1434249697?
4
What is the hundred millions digit of 1075900435?
0
What is the hundred thousands digit of 42614679?
6
What is the billions digit of 1366002952?
1
What is the tens digit of 656872105?
0
What is the millions digit of 219166150?
9
What is the thousands digit of 269569158?
9
What is the millions digit of 840626305?
0
What is the hundreds digit of 32008641?
6
What is the ten thousands digit of 7049335713?
3
What is the hundreds digit of 299280632?
6
What is the units digit of 1147113269?
9
What is the ten thousands digit of 512133334?
3
What is the thousands digit of 2317337042?
7
What is the tens digit of 890251?
5
What is the hundreds digit of 25765145?
1
What is the units digit of 261529410?
0
What is the units digit of 1582425?
5
What is the ten thousands digit of 4029168?
2
What is the ten thousands digit of 335711907?
1
What is the hundred thousands digit of 279999706?
9
What is the ten thousands digit of 3879128354?
2
What is the hundred millions digit of 800852063?
8
What is the units digit of 224727285?
5
What is the tens digit of 4375238357?
5
What is the tens digit of 2134095212?
1
What is the hundred thousands digit of 118349601?
3
What is the tens digit of 2874622802?
0
What is the thousands digit of 1998945853?
5
What is the millions digit of 2425752073?
5
What is the ten thousands digit of 12744168?
4
What is the hundreds digit of 548973760?
7
What is the ten millions digit of 10841356?
1
What is the thousands digit of 87954561?
4
What is the billions digit of 4040161215?
4
What is the thousands digit of 143919886?
9
What is the ten millions digit of 759576594?
5
What is the hundred millions digit of 4012038141?
0
What is the hundreds digit of 670877625?
6
What is the millions digit of 384798116?
4
What is the thousands digit of 148392976?
2
What is the hundred millions digit of 1903601481?
9
What is the hundreds digit of 200493082?
0
What is the hundred millions digit of 250890533?
2
What is the hundred thousands digit of 697641468?
6
What is the tens digit of 48471999?
9
What is the thousands digit of 49889720?
9
What is the ten thousands digit of 132863768?
6
What is the hundred thousands digit of 73815561?
8
What is the millions digit of 905890660?
5
What is the hundred millions digit of 594262712?
5
What is the thousands digit of 473242433?
2
What is the hundreds digit of 1429173228?
2
What is the units digit of 2767860709?
9
What is the ten millions digit of 263342110?
6
What is the units digit of 99124471?
1
What is the ten thousands digit of 35107390?
0
What is the ten millions digit of 434709914?
3
What is the hundreds digit of 2382478893?
8
What is the ten thousands digit of 155616254?
1
What is the millions digit of 37302721?
7
What is the units digit of 29080043?
3
What is the tens digit of 37034398?
9
What is the units digit of 4045173197?
7
What is the units digit of 56772324?
4
What is the ten millions digit of 243683897?
4
What is the billions digit of 1358136986?
1
What is the thousands digit of 1865671824?
1
What is the thousands digit of 8685032756?
2
What is the hundreds digit of 934636958?
9
What is the units digit of 1293771534?
4
What is the tens digit of 1472263648?
4
What is the units digit of 2416891430?
0
What is the units digit of 92851170?
0
What is the thousands digit of 19449933?
9
What is the tens digit of 1639329498?
9
What is the thousands digit of 114856112?
6
What is the millions digit of 372303712?
2
What is the millions digit of 91173995?
1
What is the units digit of 3520517511?
1
What is the millions digit of 763222571?
3
What is the hundreds digit of 4509738125?
1
What is the tens digit of 13279508?
0
What is the hundred thousands digit of 399365579?
3
What is the thousands digit of 424217515?
7
What is the ten millions digit of 111769124?
1
What is the tens digit of 203574949?
4
What is the hundred millions digit of 1864456411?
8
What is the hundred thousands digit of 1076414161?
4
What is the thousands digit of 644697448?
7
What is the hundreds digit of 197641534?
5
What is the millions digit of 2171132896?
1
What is the thousands digit of 3790631932?
1
What is the millions digit of 285000981?
5
What is the thousands digit of 6323672907?
2
What is the hundred millions digit of 1077235597?
0
What is the hundred thousands digit of 220017784?
0
What is the thousands digit of 57627966?
7
What is the hundred millions digit of 1117165596?
1
What is the tens digit of 122753410?
1
What is the hundred millions digit of 141799682?
1
What is the hundred thousands digit of 81993192?
9
What is the units digit of 21887061?
1
What is the tens digit of 1218632853?
5
What is the thousands digit of 100024191?
4
What is the millions digit of 131769757?
1
What is the hundred thousands digit of 96437173?
4
What is the ten millions digit of 108037347?
0
What is the millions digit of 54294972?
4
What is the ten millions digit of 3277491030?
7
What is the hundred thousands digit of 1174953753?
9
What is the ten thou